{"id":20,"date":"2023-08-01T14:13:09","date_gmt":"2023-08-01T14:13:09","guid":{"rendered":"http:\/\/westcustom.fi\/?page_id=20"},"modified":"2023-08-01T16:00:37","modified_gmt":"2023-08-01T16:00:37","slug":"20-2","status":"publish","type":"page","link":"http:\/\/westcustom.fi\/?page_id=20","title":{"rendered":"Yritys"},"content":{"rendered":"\n<p class=\"has-text-align-center has-medium-font-size\"><small>Westcustom on ajoneuvoverhoilun ja varustelun parissa toimiva yritys, jonka osaamiseen ja ammattitaitoon ovat tukeutuneet jo lukuisat ammattiautoilijat Suomessa ja muualla Euroopassa.<\/small><\/p>\n\n\n\n<p class=\"has-text-align-center has-medium-font-size\"><small>Valmiiden mallistojen sijaan r\u00e4\u00e4t\u00e4l\u00f6imme ohjaamoverhoilut aina asiakkaan toiveiden mukaisesti ja verhoiluty\u00f6n yhteydess\u00e4 teemme tarvittaessa my\u00f6s kaikki muut ohjaamoon sis\u00e4lle teht\u00e4v\u00e4t muutos- ja asennusty\u00f6t, kuten valaistukset ja audiolaitteet. <\/small><\/p>\n\n\n\n<p><\/p>\n\n\n\n<figure class=\"wp-block-gallery has-nested-images columns-default is-cropped wp-block-gallery-1 is-layout-flex wp-block-gallery-is-layout-flex\">\n<figure class=\"wp-block-image size-large\"><img loading=\"lazy\" decoding=\"async\" width=\"1024\" height=\"768\" data-id=\"45\" src=\"http:\/\/westcustom.fi\/wp-content\/uploads\/2023\/08\/20181228_153432_resized-1024x768.jpg\" alt=\"\" class=\"wp-image-45\" srcset=\"http:\/\/westcustom.fi\/wp-content\/uploads\/2023\/08\/20181228_153432_resized-1024x768.jpg 1024w, http:\/\/westcustom.fi\/wp-content\/uploads\/2023\/08\/20181228_153432_resized-300x225.jpg 300w, http:\/\/westcustom.fi\/wp-content\/uploads\/2023\/08\/20181228_153432_resized-768x576.jpg 768w, http:\/\/westcustom.fi\/wp-content\/uploads\/2023\/08\/20181228_153432_resized.jpg 1280w\" sizes=\"(max-width: 767px) 89vw, (max-width: 1000px) 54vw, (max-width: 1071px) 543px, 580px\" \/><\/figure>\n\n\n\n<figure class=\"wp-block-image size-large\"><img loading=\"lazy\" decoding=\"async\" width=\"1024\" height=\"768\" data-id=\"44\" src=\"http:\/\/westcustom.fi\/wp-content\/uploads\/2023\/08\/20190217_133705_resized-1024x768.jpg\" alt=\"\" class=\"wp-image-44\" srcset=\"http:\/\/westcustom.fi\/wp-content\/uploads\/2023\/08\/20190217_133705_resized-1024x768.jpg 1024w, http:\/\/westcustom.fi\/wp-content\/uploads\/2023\/08\/20190217_133705_resized-300x225.jpg 300w, http:\/\/westcustom.fi\/wp-content\/uploads\/2023\/08\/20190217_133705_resized-768x576.jpg 768w, http:\/\/westcustom.fi\/wp-content\/uploads\/2023\/08\/20190217_133705_resized.jpg 1280w\" sizes=\"(max-width: 767px) 89vw, (max-width: 1000px) 54vw, (max-width: 1071px) 543px, 580px\" \/><\/figure>\n<\/figure>\n\n\n\n<figure class=\"wp-block-gallery has-nested-images columns-default is-cropped wp-block-gallery-2 is-layout-flex wp-block-gallery-is-layout-flex\">\n<figure class=\"wp-block-image size-large\"><img loading=\"lazy\" decoding=\"async\" width=\"1024\" height=\"683\" data-id=\"96\" src=\"http:\/\/westcustom.fi\/wp-content\/uploads\/2023\/08\/IMG_0339-1024x683.jpg\" alt=\"\" class=\"wp-image-96\" srcset=\"http:\/\/westcustom.fi\/wp-content\/uploads\/2023\/08\/IMG_0339-1024x683.jpg 1024w, http:\/\/westcustom.fi\/wp-content\/uploads\/2023\/08\/IMG_0339-300x200.jpg 300w, http:\/\/westcustom.fi\/wp-content\/uploads\/2023\/08\/IMG_0339-768x512.jpg 768w, http:\/\/westcustom.fi\/wp-content\/uploads\/2023\/08\/IMG_0339-1536x1024.jpg 1536w, http:\/\/westcustom.fi\/wp-content\/uploads\/2023\/08\/IMG_0339-2048x1365.jpg 2048w\" sizes=\"(max-width: 767px) 89vw, (max-width: 1000px) 54vw, (max-width: 1071px) 543px, 580px\" \/><\/figure>\n<\/figure>\n","protected":false},"excerpt":{"rendered":"<p>Westcustom on ajoneuvoverhoilun ja varustelun parissa toimiva yritys, jonka osaamiseen ja ammattitaitoon ovat tukeutuneet jo lukuisat ammattiautoilijat Suomessa ja muualla Euroopassa. Valmiiden mallistojen sijaan r\u00e4\u00e4t\u00e4l\u00f6imme ohjaamoverhoilut aina asiakkaan toiveiden mukaisesti ja verhoiluty\u00f6n yhteydess\u00e4 teemme tarvittaessa my\u00f6s kaikki muut ohjaamoon sis\u00e4lle teht\u00e4v\u00e4t muutos- ja asennusty\u00f6t, kuten valaistukset ja audiolaitteet.<\/p>\n","protected":false},"author":1,"featured_media":0,"parent":0,"menu_order":0,"comment_status":"closed","ping_status":"closed","template":"","meta":{"footnotes":""},"class_list":["post-20","page","type-page","status-publish","hentry"],"_links":{"self":[{"href":"http:\/\/westcustom.fi\/index.php?rest_route=\/wp\/v2\/pages\/20"}],"collection":[{"href":"http:\/\/westcustom.fi\/index.php?rest_route=\/wp\/v2\/pages"}],"about":[{"href":"http:\/\/westcustom.fi\/index.php?rest_route=\/wp\/v2\/types\/page"}],"author":[{"embeddable":true,"href":"http:\/\/westcustom.fi\/index.php?rest_route=\/wp\/v2\/users\/1"}],"replies":[{"embeddable":true,"href":"http:\/\/westcustom.fi\/index.php?rest_route=%2Fwp%2Fv2%2Fcomments&post=20"}],"version-history":[{"count":12,"href":"http:\/\/westcustom.fi\/index.php?rest_route=\/wp\/v2\/pages\/20\/revisions"}],"predecessor-version":[{"id":98,"href":"http:\/\/westcustom.fi\/index.php?rest_route=\/wp\/v2\/pages\/20\/revisions\/98"}],"wp:attachment":[{"href":"http:\/\/westcustom.fi\/index.php?rest_route=%2Fwp%2Fv2%2Fmedia&parent=20"}],"curies":[{"name":"wp","href":"https:\/\/api.w.org\/{rel}","templated":true}]}}